i - 2 + 8*i. Calculate k(5).
-2
Let q be (-20)/(-130) - 28/13. Let n(o) = -o**3 + 2*o + 3. Determine n(q).
7
Suppose 0*w - w + 2*s + 13 = 0, -16 = -2*w + 2*s. Let r(o) = 9 - 16*o**2 + o**w - o + 16*o**2. Suppose 5*x - 3*i - 3 = -2*i, 3*x - 12 = 4*i. Calculate r(x).
9
Let y = 65 + -67. Let f(r) = -r**3 - 2*r**2 - 8*r - 4. Let m(i) = -i - 1. Let s(o) = -f(o) + 6*m(o). Calculate s(y).
-6
Let i(d) = 3*d - 6. Let p(r) = -2*r + 4. Let s(t) = 5*i(t) + 7*p(t). Suppose -3*n - 7 + 1 = 0. Let f be (-11)/(-3) + n/3. What is s(f)?
1
Let w(n) = -n**2 - 5*n + 8. Let y(x) = x - 3. Let t be y(-6). Let d be (t/3)/(4/8). Give w(d).
2
Let y(i) = 2*i**2 - i. Suppose 3*u - 4*u = -c - 1, 3*u + 5 = -5*c. What is y(c)?
3
Let t(r) = -5*r**2 + 2*r + 4. Let f(a) = 19*a**2 - 7*a - 15. Let o(b) = -6*f(b) - 22*t(b). Give o(2).
-18
Let r be 4*1 + 12/(-6). Suppose 5*t - r*t - 9 = 0. Let o(n) = -n**2 + 2*n + 3. What is o(t)?
0
Suppose -12 = 10*c - 12*c. Let h(d) be the third derivative of d**6/120 - d**5/10 - d**4/12 + 4*d**3/3 + 9*d**2. Determine h(c).
-4
Let q(h) = -10*h + 1. Suppose -4*c + 1 = -d - 0, c - 5*d - 24 = 0. Give q(c).
11
Let w(l) = -l**2 + 5*l - 2. Let d(x) = x - 1. Let k be d(7). What is w(k)?
-8
Let c(a) = a + 15. Let v be c(-12). Let q(w) = 2*w + 1. Let b(k) = -k. Let z(m) = v*b(m) + q(m). What is z(-1)?
2
Suppose -6*f + 6 = -4*f. Let q(o) = -11*o**2 + 3. Let n(g) = -5*g**2 + 2. Let v(k) = f*q(k) - 5*n(k). Determine v(-1).
-9
Let y(m) = m**2 - 8*m + 6. Let h(k) = -k**2 + 5*k - 4. Let a(i) = 8*h(i) + 5*y(i). What is a(2)?
-14
Let s be 15/75 + 82/(-10). Let u(m) = -m**2 - 7*m + 10. Give u(s).
2
Suppose 4*i - 8 = -6*s + 3*s, 15 = 5*i + 5*s. Let t be (-1)/i*(-9)/3. Let h(k) = -k**3 - 4*k**2 - 4*k - 1. Let r be h(t). Let a(d) = d. What is a(r)?
2
Let h(a) = 3*a**3 + 19*a**2 + a + 3. Let u(q) = -2*q**3 - 13*q**2 - q - 2. Let i(x) = 5*h(x) + 7*u(x). Let g be 4 - 4 - 1 - 4. Give i(g).
-14
Let h(x) = x**2 - 10*x + 11. Suppose -5*w - 4*d = d - 20, -2*w - 3*d = -4. Give h(w).
-5
Suppose -3*j + 2*o = 4 + 17, 5*j = -5*o - 35. Let c = j - -1. Let p be (-27)/c - 2/4. Let b(w) = -w**3 + 5*w**2 - 5*w. Calculate b(p).
-4
Let f be -4*(1 + 7/(-4)). Let b(l) = 6*l**3 + 10*l**2 + 10*l - 4. Let j(y) = y**3 + 2*y**2 + 2*y - 1. Let q(c) = -2*b(c) + 11*j(c). What is q(f)?
-6
Let o be (-4)/6 - 60/(-9). Let y(p) = 4*p**2 - p**3 - o + 1 - 2 + 5. What is y(4)?
-2
Let r(b) be the first derivative of 4*b**3/3 - 2*b**2 - 7*b - 3. Let d(g) = 3*g**2 - 3*g - 6. Let p(h) = 5*d(h) - 4*r(h). Determine p(0).
-2
Let r be 3/(-12) + 9/4. Suppose 0 = 2*o + 8 - r. Let t be ((o - -6) + -3)/(-1). Let u(j) = -j**2 + j - 1. Determine u(t).
-1
Suppose 5*w = -j - 34, 0 = 5*w - 6*w + j - 2. Let t(g) = -g**2 - 6*g - 2. Give t(w).
-2
Let b be (0 - -3)/(-1) - (-6 + 8). Let u(o) = -o + 4. Determine u(b).
9
Let w(n) be the third derivative of -2/3*n**3 + 0*n + 0 + 1/120*n**6 - 3*n**2 + 0*n**4 + 1/60*n**5. What is w(0)?
-4
Let k(z) = 0*z + 5*z - 9 + 10. Let r(t) = t**2 - t + 1. Let s be r(1). Calculate k(s).
6
Let x(j) be the third derivative of j**6/120 - j**5/12 + j**4/12 - j**3 + 14*j**2. Give x(5).
4
Let v(q) be the first derivative of 5/2*q**2 - 4*q + 1/3*q**3 - 3. Let w = -14 - -9. What is v(w)?
-4
Let d(z) = z + 19. Let x(g) = -g - 19. Let q(o) = -4*d(o) - 5*x(o). Calculate q(0).
19
Let n(c) = 2*c - 1. Let z = 19 + -16. Let g be n(z). Let l(r) = -r - 5. Determine l(g).
-10
Let m be 8/(-20) - 24/(-10). Let b be m/7 + (-33)/(-7). Let u(q) = q**3 - 4*q**2 - 5*q + 7. Calculate u(b).
7
Suppose 0 = 3*m - 2*m. Let o(a) be the third derivative of 1/3*a**3 + 0 + 0*a + 1/120*a**6 + 1/24*a**4 - 2*a**2 + m*a**5. Give o(-2).
-8
Let n(t) = -t**2 - 15 - 15*t + 6*t + 3. Give n(-6).
6
Let g(c) be the second derivative of c**4/3 + c**3/6 - c**2/2 - 5*c. Suppose 0 = -2*k - 6, 0*v = 3*v - k - 6. Calculate g(v).
4
Let q(g) = g + 2. Let n = 3 - 6. Let i be 1 - 0/n - 0. Let s = 1 + i. Calculate q(s).
4
Let t(c) = c**2 - 8*c + 9. Let w be t(6). Let l(q) = -6*q - 8. Let z(u) be the first derivative of u**2/2 + u + 4. Let y(m) = l(m) + 5*z(m). Determine y(w).
0
Let z(h) be the third derivative of -h**6/120 + h**5/10 - h**4/4 + 5*h**3/6 - 6*h**2. What is z(4)?
13
Let f(k) = -9*k - 1. Let i(v) = -13*v - 1. Let n(b) = 7*f(b) - 5*i(b). What is n(4)?
6
Let t(d) = -2*d + 2 - 10 + 3*d. Suppose 2*c - 4 = -2*f, -3*c = -f - f - 6. Calculate t(f).
-8
Let r(x) = -x**2 + 6*x - 6. Let h(a) = a**2 + 7*a + 7. Let z be h(-5). Let n be 2/(4/14) + z. Calculate r(n).
2
Let x(l) = -3*l**2 + 3*l + 7. Let o(f) = -8*f**2 + 10*f + 20. Let b(n) = -4*o(n) + 11*x(n). What is b(-7)?
-3
Let c(k) be the third derivative of k**5/15 - k**4/24 + 3*k**2. Suppose 0 = b - 5*p - 26, b - 6 = -2*p + 3*p. Determine c(b).
3
Let r be (0 - (-1 - -3))*-4. Let c be (2/(-5))/((-7)/(-70)). Let x = c + r. Let g(n) = n**3 - 3*n**2 - 7*n + 5. Determine g(x).
-7
Let y(p) = p - 3. Let h(k) = 6 - 2 - k - 3 + 0*k. Let g(n) = 5*h(n) + 2*y(n). Suppose 4*a + 3 = 5*v + 12, 4*v = 5*a - 9. Calculate g(a).
-4
Let p(k) be the first derivative of k**3 + 1/4*k**4 - 3 + 2*k**2 + 3*k. Determine p(-3).
-9
Suppose 2*y + 4*h = -3 - 13, 3*h + 9 = -3*y. Suppose -5*c + y = 7. Let l(i) = 5 + 2*i - i - 4 + 6*i**3. Calculate l(c).
-6
Let q be (-2)/10 - (-82)/10. Let s = q - 4. Let u be s/3*45/10. Let k(m) = m**2 - 7*m + 2. Determine k(u).
-4
Suppose 0 = -s + 5, 28 = 4*m - 5*s + 73. Let q(r) = -4*r - 2*r - 8 + 1 - r**2. What is q(m)?
-2
Let b(n) be the third derivative of n**4/8 + n**3/3 + n**2. Let f be -1 - -3 - (-4 + 4). Let a(v) = v**2 - 2. Let w be a(f). Determine b(w).
8
Let m = -92 + 92. Let g(w) = 5*w**2 - 10. Let f(i) = 11*i**2 - 21. Let n(v) = -4*f(v) + 9*g(v). Give n(m).
-6
Let k(y) be the third derivative of -y**5/60 + 7*y**4/24 - 2*y**3/3 - 16*y**2. Calculate k(5).
6
Let p(v) = -v**3 - 5*v**2 + 2*v + 7. Suppose s - d + 0 + 1 = 0, 4*s + 2*d - 8 = 0. Suppose 2*l - 2 - 5 = y, l - s = -2*y. Suppose -l*t - 7 - 8 = 0. Give p(t).
-3
Suppose 5*w - 23 = 4*h, -2*h = -2*w - 0*w + 10. Let c(o) = 0*o + 3 + w*o**2 - 4*o - 2*o**2. Suppose -2*r - 12 = -5*r. Determine c(r).
3
Let k(s) = 5*s**2 - 2*s + 1. Let t(r) = -2*r**2 + r. Let m(f) = 4*k(f) + 11*t(f). Suppose -y + 0*w = 3*w + 9, 0 = 4*y + 4*w + 4. Suppose 0*q + y = q. Give m(q).
-5
Let w(i) = -i**2 + 3*i + 1. Let g be w(3). Let j(f) = -f - 14. Let d be j(-11). Let y(m) = 5*m - 2. Let k(h) = 6*h - 3. Let p(x) = d*y(x) + 2*k(x). Give p(g).
-3
Let g(i) = -i**3 + 5*i**2 - 4*i + 2. Let b = 6 - 5. Suppose -m = -0*m + b, -3*y = 3*m - 3. Give g(y).
6
Let d(o) = o**3 + 3*o**2 - 4*o - 1. Suppose -3 = 4*k - 2*f + 3, f + 21 = -4*k. Give d(k).
-1
Suppose 2*d + d = -3. Let q(j) = 2*j**2 - j + 1. Let p(k) be the third derivative of k**5/20 + k**3/6 - 6*k**2. Let i(z) = -3*p(z) + 2*q(z). Give i(d).
-4
Suppose 5*r - 11 = 9. Let c(x) = x - 4*x + 3 - 2*x. Let k(o) = -1. Let z(f) = r*k(f) + c(f). Determine z(1).
-6
Let u(d) = 2*d + 12. Suppose 0 = t - 0*t - m + 9, 5*t + 37 = -3*m. Determine u(t).
-4
Suppose 0 = 3*b - 3, 2*l = b + 2*b + 33. Let x be l/22 + 4/22. Let h(o) = 3*o**3 + 2*o - 4*o**3 - 1 - 3*o**3 - o**3. Give h(x).
-4
Let v(z) = -4*z - 3. Let q(m) = m**2 - 4*m - 1. Let c be q(3). What is v(c)?
13
Suppose l = 2*l. Suppose l*s - 4*s = 0. Suppose 0 = w + 2*y + 6, s*w + 3*w + 4*y = -10. Let i(j) = 2*j + 2. Calculate i(w).
6
Let j(l) = -7*l**2 - 19*l - 18. Let s(z) = -10*z**2 - 29*z - 27. Let f(d) = 7*j(d) - 5*s(d). Let a be f(-11). Let x(c) = -3*c - 1. Determine x(a).
5
Let o(p) = 23*p**2 + 2*p. Let d(x) = -11*x**2 - x. Let v(i) = 9*d(i) + 4*o(i). Determine v(1).
-8
Let u(c) = c**3 + 6*c**2 - 2*c - 6. Let d = 40 - 46. What is u(d)?
6
Let i(f) = f - 1. Let x(z) = -3*z + 14. Let o(h) = 5*i(h) + x(h). Calculate o(-7).
-5
Let t(z) = -z**2 + 2*z + 1. Let m(d) = -d**2 - 2*d + 2. Let l be m(-3). Calculate t(l).
-2
Let q(n) = 6*n - 36. Let g be q(5). Let b(j) = -4*j - 6. Determine b(g).
18
Let q(c) be the third derivative of 1/20*c**6 + 0*c + 1/30*c**5 - c**2 + 0 - 1/6*c**3 + 0*c**4. Let h = 0 + 1. Determine q(h).
7
Suppose -5*n - 13 = 2*w + 4, -4*n - 5*w - 17 = 0. Let z = 0 + n. Let c(o) = -o**2 + 1. Calculate c(z).
-8
Let m(c) = 3*c**2 - 8*c. Let v(n) = 7*n**2 - 16*n + 1. Suppose 3*i = -5*b + 39, 0 = b - 0*b - 4*i - 17. Let k(y) = b*m(y) - 4*v(y). Calculate k(-6).
8
Let v(b